4670 (base 9) to base 5
-102330
What is 349 (base 12) in base 11?
405
Convert 413 (base 9) to base 7.
660
What is 10 (base 12) in base 16?
c
Convert -90 (base 14) to base 15.
-86
Convert -51c (base 13) to base 3.
-1012020
What is 1655 (base 13) in base 4?
303101
What is 20120012 (base 3) in base 6?
34052
Convert 5510 (base 6) to base 9.
1656
Convert 435 (base 8) to base 16.
11d
Convert -201112 (base 3) to base 11.
-43a
Convert -131a4 (base 13) to base 3.
-1210122011
-210 (base 7) to base 15
-70
What is -80f4 (base 16) in base 7?
-165150
What is 4024 (base 6) in base 10?
880
-10031 (base 5) to base 3
-212202
Convert -1284 (base 13) to base 16.
-a53
What is -1310203 (base 5) in base 7?
-134602
What is -1717 (base 11) in base 8?
-4224
What is 22027 (base 8) in base 6?
110435
Convert 2107 (base 8) to base 3.
1111120
What is 1100011110 (base 2) in base 14?
410
Convert 33b4 (base 14) to base 6.
105322
What is a0 (base 13) in base 16?
82
What is -1607 (base 9) in base 7?
-3364
What is -578 (base 12) in base 4?
-30230
What is -14016 (base 9) in base 3?
-111000120
What is -1a44 (base 13) in base 5?
-111233
Convert -2122212 (base 3) to base 2.
-11110010100
-10561 (base 7) to base 8
-5201
What is -b3 (base 13) in base 4?
-2102
1001101000001110 (base 2) to base 5
2230223
What is -4331 (base 8) in base 7?
-6414
What is 10000 (base 2) in base 15?
11
-75 (base 11) to base 12
-6a
e4d (base 16) to base 5
104121
Convert 141413 (base 5) to base 15.
1b08
Convert -107b7 (base 12) to base 13.
-9c64
What is -11218 (base 9) in base 8?
-16455
15191 (base 13) to base 5
2233313
What is 9ac9 (base 13) in base 2?
101010001111100
-2504 (base 8) to base 7
-3634
What is -1102030 (base 4) in base 10?
-5260
-47ff (base 16) to base 4
-10133333
-213342 (base 5) to base 16
-1cb3
Convert 1133012 (base 4) to base 14.
230a
What is 1223 (base 15) in base 12?
2296
What is 1443 (base 6) in base 12?
283
What is -71 (base 15) in base 12?
-8a
Convert 14112 (base 8) to base 13.
2aa4
Convert 3310 (base 4) to base 9.
301
Convert 201 (base 15) to base 16.
1c3
What is 2 (base 9) in base 2?
10
What is 22e (base 15) in base 8?
756
-23001 (base 4) to base 3
-222010
Convert -2000101 (base 3) to base 9.
-2011
Convert 10a (base 16) to base 5.
2031
What is -1024 (base 7) in base 9?
-441
Convert 3004110 (base 5) to base 6.
1003245
Convert -b81 (base 13) to base 4.
-132230
Convert -136 (base 14) to base 4.
-3310
-2438 (base 10) to base 4
-212012
What is 55695 (base 10) in base 5?
3240240
-56021 (base 8) to base 2
-101110000010001
1572 (base 16) to base 7
22002
Convert 331052 (base 6) to base 8.
65510
-20322 (base 5) to base 11
-1006
Convert 1785 (base 15) to base 3.
20221222
Convert -500 (base 10) to base 9.
-615
Convert -1586 (base 16) to base 8.
-12606
Convert -620 (base 13) to base 2.
-10000010000
What is 2323032 (base 4) in base 10?
11982
What is -524 (base 15) in base 4?
-102013
What is -1111122211 (base 3) in base 5?
-1422031
-23341 (base 6) to base 3
-11121221
What is -1112210 (base 3) in base 10?
-1128
What is 1113233 (base 4) in base 7?
22241
What is 1112101120 (base 3) in base 5?
1431144
-3060 (base 8) to base 10
-1584
What is -214300 (base 5) in base 10?
-7450
3321 (base 5) to base 2
111001101
What is 10011110000011 (base 2) in base 14?
3987
Convert -1112 (base 7) to base 15.
-1bb
Convert 8da4 (base 14) to base 16.
6044
Convert 10001000110 (base 2) to base 7.
3122
Convert 44230 (base 5) to base 7.
11636
23324 (base 7) to base 15
1b9b
What is -8357 (base 9) in base 10?
-6127
10111110111 (base 2) to base 5
22102
128 (base 14) to base 7
451
Convert -2345 (base 6) to base 4.
-20321
Convert -726 (base 13) to base 14.
-62b
Convert -6005 (base 7) to base 4.
-200033
Convert 861 (base 10) to base 3.
1011220
What is 10344 (base 6) in base 15?
657
Convert 7944 (base 13) to base 7.
100302
Convert 101000111101110 (base 2) to base 3.
1001202211
-2324 (base 14) to base 5
-143413
Convert -2314 (base 6) to base 15.
-26a
What is 3572 (base 8) in base 7?
5403
-48085 (base 9) to base 7
-162512
What is 18837 (base 10) in base 14?
6c17
-3ba22 (base 12) to base 3
-11012102022
5568 (base 10) to base 7
22143
What is 864 (base 9) in base 15?
321
What is 212 (base 14) in base 11?
341
Convert -443330 (base 5) to base 2.
-11110001101001
What is -147 (base 9) in base 13?
-97
What is 114336 (base 7) in base 2?
101000100010010
Convert 250014 (base 6) to base 15.
67e7
What is -17b1 (base 14) in base 9?
-5765
What is -7ed (base 15) in base 12?
-105a
-20554 (base 10) to base 14
-76c2
Convert -587 (base 9) to base 13.
-2b3
-4a7 (base 13) to base 15
-393
152 (base 12) to base 16
ce
What is -2592 (base 14) in base 7?
-25142
Convert 2210001220 (base 3) to base 16.
d5c6
1001001000110100 (base 2) to base 4
21020310
What is 11212021 (base 3) in base 7?
13222
-38a (base 11) to base 7
-1226
Convert -121331 (base 6) to base 16.
-29d7
Convert -24442 (base 10) to base 7.
-131155
12692 (base 13) to base 10
34088
Convert -43146 (base 7) to base 8.
-24734
What is 11001100111 (base 2) in base 3?
2020201
Convert -166433 (base 7) to base 2.
-1000001011010011
Convert -b (base 12) to base 5.
-21
Convert 576 (base 11) to base 13.
40c
Convert -2474 (base 10) to base 2.
-100110101010
247 (base 14) to base 12
31b
Convert 22531 (base 7) to base 2.
1011001111011
Convert -fdc (base 16) to base 15.
-130a
-94 (base 13) to base 14
-89
Convert 121676 (base 8) to base 9.
63445
-21121102 (base 3) to base 10
-5546
-86 (base 14) to base 16
-76
What is 1b07 (base 15) in base 12?
3481
What is 100010101 (base 2) in base 4?
10111
Convert -340 (base 13) to base 2.
-1000101111
101011010 (base 2) to base 7
1003
Convert -c8 (base 15) to base 14.
-d6
What is 1000110010 (base 2) in base 6?
2334
Convert 13ae (base 16) to base 12.
2aba
222211020 (base 3) to base 2
100110001100010
What is 6a8 (base 12) in base 11?
822
What is 56346 (base 7) in base 10?
14244
What is 5113 (base 13) in base 2?
10101110100010
-1400 (base 8) to base 15
-363
1365 (base 8) to base 11
629
Convert -31200 (base 4) to base 8.
-1540
Convert -4aca (base 15) to base 2.
-11111001000100
Convert 283 (base 11) to base 10.
333
-10021211 (base 3) to base 5
-34043
8005 (base 9) to base 5
141322
What is -11011100011111 (base 2) in base 12?
-81bb
-21c (base 16) to base 3
-202000
Convert 4443 (base 6) to base 14.
53d
120002 (base 3) to base 13
254
11781 (base 10) to base 14
4417
What is -100100100 (base 2) in base 5?
-2132
Convert 7684 (base 10) to base 14.
2b2c
-1821 (base 9) to base 8
-2564
230 (base 9) to base 2
10111101
-111011 (base 2) to base 7
-113
-132203 (base 4) to base 13
-b75
Convert 11533 (base 8) to base 5.
124310
Convert -1300 (base 5) to base 9.
-242
Convert 10011001100 (base 2) to base 16.
4cc
f80 (base 16) to base 10
3968
-3697 (base 13) to base 3
-101121021
What is -1154 (base 6) in base 9?
-347
Convert 10001000110 (base 2) to base 12.
772
Convert -44c (base 13) to base 15.
-345
Convert -4d11 (base 14) to base 7.
-54321
-230031 (base 4) to base 7
-11151
Convert 732 (base 14) to base 5.
21131
11378 (base 10) to base 9
16542
Convert -4 (base 11) to base 2.
-100
What is 50c (base 14) in base 13?
5b4
What is 247 (base 10) in base 2?
11110111
-1386 (base 10) to base 2
-10101101010
What is -1022152 (base 6) in base 9?
-75215
What is 110222100 (base 3) in base 7?
36402
Convert 96dd (base 16) to base 5.
2213441
-3210 (base 6) to base 4
-23112
What is -a3c (base 14) in base 2?
-11111011110
What is 10130 (base 6) in base 15?
600
Convert -650 (base 9) to base 3.
-201200
Convert -2716 (base 8) to base 7.
-4222
Convert -30101 (base 5) to base 2.
-11101101101
d3 (base 16) to base 5
1321
What is -2051 (base 6) in base 7?
-1231
Convert -101132 (base 4) to base 2.
-10001011110
Convert 4624 (base 10) to base 12.
2814
27744 (base 8) to base 3
121211002
Convert 1402 (base 7) to base 8.
1035
What is -16534 (base 8) in base 2?
-1110101011100
-311 (base 4) to base 5
-203
Convert -156 (base 16) to base 15.
-17c
-3a41 (base 13) to base 11
-6297
Convert 111121 (base 5) to base 10.
3911
Convert b89 (base 16) to base 6.
21401
Convert -1321 (base 7) to base 8.
-771
What is -4937 (base 11) in base 14?
-24cd
Convert 141014 (base 5) to base 8.
13177
-4b8 (base 13) to base 11
-692
What is -1178 (base 10) in base 14?
-602